{"id":2414,"date":"2023-04-05T16:40:45","date_gmt":"2023-04-05T16:40:45","guid":{"rendered":"https:\/\/galrita.hu\/?page_id=2414"},"modified":"2023-04-05T16:44:23","modified_gmt":"2023-04-05T16:44:23","slug":"visszajelzesek-ajanlasok","status":"publish","type":"page","link":"https:\/\/galrita.hu\/index.php\/visszajelzesek-ajanlasok\/","title":{"rendered":"Visszajelz\u00e9sek\/aj\u00e1nl\u00e1sok"},"content":{"rendered":"<section class=\"wpb-content-wrapper\"><p>[vc_row full_width=&#8221;stretch_row&#8221; memphis_overlay=&#8221;on&#8221;][vc_column css_animation=&#8221;fadeIn&#8221; el_class=&#8221;udvcolumn&#8221; uniqid=&#8221;6408a71e195fd&#8221;][vc_empty_space height=&#8221;90px&#8221;][vc_column_text uniqid=&#8221;64089502eea56&#8243; el_class=&#8221;justify&#8221;]<span style=\"font-size: 24px; color: #e05d3f;\"><strong>Visszajelz\u00e9sek\/aj\u00e1nl\u00e1sok:<\/strong><\/span><\/p>\n<p>Rit\u00e1val az interneten kereszt\u00fcl ismerkedtem meg. Gyermekemnek magatart\u00e1si \u00e9s viselked\u00e9si probl\u00e9m\u00e1i voltak \u00e9s az \u00e9rzelmek kifejez\u00e9s\u00e9vel is t\u00e1madtak neh\u00e9zs\u00e9geink. Az els\u0151 perct\u0151l kezdve kialakult a szimp\u00e1tia k\u00f6z\u00f6tt\u00fck \u00e9s k\u00f6zt\u00fcnk is. A fiam mindig \u00f6r\u00f6mmel v\u00e1rta Rit\u00e1val val\u00f3 tal\u00e1lkoz\u00e1st, ami sok besz\u00e9lget\u00e9ssel \u00e9s j\u00e1t\u00e9kos kreat\u00edv foglakoz\u00e1ssal zajlott. Mindkett\u0151nek nagyon sokat seg\u00edtett \u00e9s nagyon \u00f6r\u00fcl\u00f6k, hogy megismerhett\u00fck \u0151t.<\/p>\n<p style=\"text-align: right;\"><strong>N\u00e9meth T\u00edmea<\/strong><\/p>\n<p>Rit\u00e1t \u00e9vek \u00f3ta ismerem, nem csak emberi, hanem szakmai oldal\u00e1t is nagyra becs\u00fcl\u00f6m. Mindig sz\u00e1m\u00edthatok r\u00e1, b\u00edzhatom benne, maxim\u00e1lis figyelemmel, emp\u00e1ti\u00e1val fordul mindenkihez. Nyitotts\u00e1ga \u00e9s \u0151szintes\u00e9ge miatt a gyerekek hamar megny\u00edlnak neki, lelkesed\u00e9se \u00e9s j\u00e1t\u00e9koss\u00e1ga pedig fokozza az \u00e9rdekl\u0151d\u00e9s\u00fcket. Csod\u00e1latram\u00e9lt\u00f3 a tud\u00e1sa \u00e9s a kitart\u00e1sa, mellyel az \u00e1lmai\u00e9rt, c\u00e9ljai\u00e9rt k\u00fczd, \u00edgy sz\u00fcletett meg a meseter\u00e1pi\u00e1s e-k\u00f6nyve is, mely a kicsiknek \u00e9s sz\u00fcleiknek is rengeteg tanuls\u00e1ggal szolg\u00e1l, minden \u00f3vod\u00e1ba el kellene jutnia. H\u00e1l\u00e1sak vagyunk a kisl\u00e1nyommal, hogy VAN nek\u00fcnk.&nbsp;<\/p>\n<p style=\"text-align: right;\"><strong>Dr. Schmidt Emese<\/strong><\/p>\n<p>&nbsp;<\/p>\n<p>Rit\u00e1hoz fordultam seg\u00edts\u00e9g\u00e9rt, mert gyermekemnek neh\u00e9zs\u00e9gei t\u00e1madtak az iskolai k\u00f6z\u00f6ss\u00e9gben. \u00daj iskol\u00e1ba ker\u00fclt, ahol visszah\u00faz\u00f3d\u00f3 term\u00e9szete miatt&nbsp; nehezebben tudott beilleszkedni. Az&nbsp; \u00e9rzelmeit nem mutatta ki, kevesebbet besz\u00e9lt, de a foglalkoz\u00e1sok v\u00e1ltoz\u00e1st ind\u00edtottak el benne, ma m\u00e1r akt\u00edvan r\u00e9szt vesz az iskolai \u00e9letben. Elkezdett sportolni, javult kommunik\u00e1ci\u00f3s k\u00e9pess\u00e9ge \u00e9s&nbsp; er\u0151s\u00f6d\u00f6tt az \u00f6nbizalma. Az \u00e9rzelmeit\u0151l nem f\u00e9l, ma m\u00e1r b\u00e1tran kifejezi \u00e9s ki\u00e1ll \u00f6nmag\u00e1\u00e9rt.<\/p>\n<p>Rita seg\u00edts\u00e9get ny\u00fajtott sz\u00e1momra is az \u00f6nfejleszt\u00e9sben. Megismertem \u00f6nmagam, k\u00e9pess\u00e9geimet , k\u00e9szs\u00e9geimet&nbsp; \u00e9s a gyenges\u00e9geimet is. Az \u00f6nismeret meghozta az \u00f6nbizalmam \u00e9s k\u00f6z\u00f6s munk\u00e1nk eredm\u00e9nyek\u00e9nt \u00e9s b\u00e1tor\u00edt\u00e1s\u00e1nak k\u00f6sz\u00f6nhet\u0151en elindultam a saj\u00e1t utamon. Megtal\u00e1ltam \u00f6nmagam \u00e9s egyre k\u00f6zelebb ker\u00fcl\u00f6k ahhoz, hogy a seg\u00edt\u0151 szakm\u00e1ban \u00e9n is helyt \u00e1lljak.<\/p>\n<p>Ha \u00f6nbizalomhi\u00e1nnyal k\u00fczdesz \u00e9s szeretn\u00e9l nagyobb \u00f6nismeretre szert tenni, sz\u00edvb\u0151l aj\u00e1nlom neked \u00e9s gyermekednek Rit\u00e1t.<\/p>\n<p style=\"text-align: right;\"><strong>Kurfis-Bors\u00f3di Kata<\/strong><\/p>\n<p>&nbsp;<\/p>\n<p>Rit\u00e1val az \u00f6nbizalomhi\u00e1ny \u00e9s a n\u0151is\u00e9gem meg\u00e9l\u00e9se vonal\u00e1n indult el a k\u00f6z\u00f6s munka. Rugalmas, j\u00f3indulat\u00fa, motiv\u00e1l\u00f3 \u00e9s v\u00e9gtelen\u00fcl empatikus n\u0151t ismertem meg benne. Az \u00fcl\u00e9seken seg\u00edt\u0151 besz\u00e9lget\u00e9sek \u00e1ltal fel\u00e9p\u00edtett\u00fck az utat a n\u0151iess\u00e9gem kiteljesed\u00e9s\u00e9hez, melyek egy \u00fattal az \u00f6nbizalmam n\u00f6veked\u00e9s\u00e9hez is vezettek. \u00d6lt\u00f6zk\u00f6d\u00e9s, testmozg\u00e1s, \u00e9tkez\u00e9s, viselked\u00e9s, bels\u0151 meg\u00e9l\u00e9s. Biztat\u00e1st kaptam a hat\u00e1raim b\u00e1trabb kijel\u00f6l\u00e9s\u00e9hez \u00e9s seg\u00edts\u00e9get az \u00e9letem tudatosabb meg\u00e9l\u00e9s\u00e9hez. K\u00f6sz\u00f6n\u00f6m!<\/p>\n<p style=\"text-align: right;\"><strong>P.Zsuzsanna<\/strong><\/p>\n<p>[\/vc_column_text][vc_empty_space height=&#8221;90px&#8221;][\/vc_column][\/vc_row]<\/p>\n<\/section>","protected":false},"excerpt":{"rendered":"<p>[vc_row full_width=&#8221;stretch_row&#8221; memphis_overlay=&#8221;on&#8221;][vc_column css_animation=&#8221;fadeIn&#8221; el_class=&#8221;udvcolumn&#8221; uniqid=&#8221;6408a71e195fd&#8221;][vc_empty_space height=&#8221;90px&#8221;][vc_column_text uniqid=&#8221;64089502eea56&#8243; el_class=&#8221;justify&#8221;]Visszajelz\u00e9sek\/aj\u00e1nl\u00e1sok: Rit\u00e1val az interneten kereszt\u00fcl ismerkedtem meg. Gyermekemnek magatart\u00e1si \u00e9s viselked\u00e9si probl\u00e9m\u00e1i voltak \u00e9s az \u00e9rzelmek kifejez\u00e9s\u00e9vel is t\u00e1madtak neh\u00e9zs\u00e9geink. Az els\u0151 perct\u0151l kezdve kialakult a szimp\u00e1tia k\u00f6z\u00f6tt\u00fck \u00e9s k\u00f6zt\u00fcnk is. A fiam mindig \u00f6r\u00f6mmel v\u00e1rta Rit\u00e1val val\u00f3 tal\u00e1lkoz\u00e1st, ami sok besz\u00e9lget\u00e9ssel \u00e9s j\u00e1t\u00e9kos kreat\u00edv foglakoz\u00e1ssal zajlott. [&hellip;]<\/p>\n","protected":false},"author":3,"featured_media":0,"parent":0,"menu_order":0,"comment_status":"closed","ping_status":"closed","template":"template-landing.php","meta":{"ngg_post_thumbnail":0,"footnotes":""},"class_list":["post-2414","page","type-page","status-publish","hentry"],"acf":[],"_links":{"self":[{"href":"https:\/\/galrita.hu\/index.php\/wp-json\/wp\/v2\/pages\/2414","targetHints":{"allow":["GET"]}}],"collection":[{"href":"https:\/\/galrita.hu\/index.php\/wp-json\/wp\/v2\/pages"}],"about":[{"href":"https:\/\/galrita.hu\/index.php\/wp-json\/wp\/v2\/types\/page"}],"author":[{"embeddable":true,"href":"https:\/\/galrita.hu\/index.php\/wp-json\/wp\/v2\/users\/3"}],"replies":[{"embeddable":true,"href":"https:\/\/galrita.hu\/index.php\/wp-json\/wp\/v2\/comments?post=2414"}],"version-history":[{"count":3,"href":"https:\/\/galrita.hu\/index.php\/wp-json\/wp\/v2\/pages\/2414\/revisions"}],"predecessor-version":[{"id":2418,"href":"https:\/\/galrita.hu\/index.php\/wp-json\/wp\/v2\/pages\/2414\/revisions\/2418"}],"wp:attachment":[{"href":"https:\/\/galrita.hu\/index.php\/wp-json\/wp\/v2\/media?parent=2414"}],"curies":[{"name":"wp","href":"https:\/\/api.w.org\/{rel}","templated":true}]}}

Visszajelzések/ajánlások

<section class="wpb-content-wrapper"><p>[vc_row full_width=&#8221;stretch_row&#8221; memphis_overlay=&#8221;on&#8221;][vc_column css_animation=&#8221;fadeIn&#8221; el_class=&#8221;udvcolumn&#8221; uniqid=&#8221;6408a71e195fd&#8221;][vc_empty_space height=&#8221;90px&#8221;][vc_column_text uniqid=&#8221;64089502eea56&#8243; el_class=&#8221;justify&#8221;]<span style="font-size: 24px; color: #e05d3f;"><strong>Visszajelzések/ajánlások:</strong></span></p>
<p>Ritával az interneten keresztül ismerkedtem meg. Gyermekemnek magatartási és viselkedési problémái voltak és az érzelmek kifejezésével is támadtak nehézségeink. Az első perctől kezdve kialakult a szimpátia közöttük és köztünk is. A fiam mindig örömmel várta Ritával való találkozást, ami sok beszélgetéssel és játékos kreatív foglakozással zajlott. Mindkettőnek nagyon sokat segített és nagyon örülök, hogy megismerhettük őt.</p>
<p style="text-align: right;"><strong>Németh Tímea</strong></p>
<p>Ritát évek óta ismerem, nem csak emberi, hanem szakmai oldalát is nagyra becsülöm. Mindig számíthatok rá, bízhatom benne, maximális figyelemmel, empátiával fordul mindenkihez. Nyitottsága és őszintesége miatt a gyerekek hamar megnyílnak neki, lelkesedése és játékossága pedig fokozza az érdeklődésüket. Csodálatraméltó a tudása és a kitartása, mellyel az álmaiért, céljaiért küzd, így született meg a meseterápiás e-könyve is, mely a kicsiknek és szüleiknek is rengeteg tanulsággal szolgál, minden óvodába el kellene jutnia. Hálásak vagyunk a kislányommal, hogy VAN nekünk.&nbsp;</p>
<p style="text-align: right;"><strong>Dr. Schmidt Emese</strong></p>
<p>&nbsp;</p>
<p>Ritához fordultam segítségért, mert gyermekemnek nehézségei támadtak az iskolai közösségben. Új iskolába került, ahol visszahúzódó természete miatt&nbsp; nehezebben tudott beilleszkedni. Az&nbsp; érzelmeit nem mutatta ki, kevesebbet beszélt, de a foglalkozások változást indítottak el benne, ma már aktívan részt vesz az iskolai életben. Elkezdett sportolni, javult kommunikációs képessége és&nbsp; erősödött az önbizalma. Az érzelmeitől nem fél, ma már bátran kifejezi és kiáll önmagáért.</p>
<p>Rita segítséget nyújtott számomra is az önfejlesztésben. Megismertem önmagam, képességeimet , készségeimet&nbsp; és a gyengeségeimet is. Az önismeret meghozta az önbizalmam és közös munkánk eredményeként és bátorításának köszönhetően elindultam a saját utamon. Megtaláltam önmagam és egyre közelebb kerülök ahhoz, hogy a segítő szakmában én is helyt álljak.</p>
<p>Ha önbizalomhiánnyal küzdesz és szeretnél nagyobb önismeretre szert tenni, szívből ajánlom neked és gyermekednek Ritát.</p>
<p style="text-align: right;"><strong>Kurfis-Borsódi Kata</strong></p>
<p>&nbsp;</p>
<p>Ritával az önbizalomhiány és a nőiségem megélése vonalán indult el a közös munka. Rugalmas, jóindulatú, motiváló és végtelenül empatikus nőt ismertem meg benne. Az üléseken segítő beszélgetések által felépítettük az utat a nőiességem kiteljesedéséhez, melyek egy úttal az önbizalmam növekedéséhez is vezettek. Öltözködés, testmozgás, étkezés, viselkedés, belső megélés. Biztatást kaptam a határaim bátrabb kijelöléséhez és segítséget az életem tudatosabb megéléséhez. Köszönöm!</p>
<p style="text-align: right;"><strong>P.Zsuzsanna</strong></p>
<p>[/vc_column_text][vc_empty_space height=&#8221;90px&#8221;][/vc_column][/vc_row]</p>
</section>

<p>[vc_row full_width=&#8221;stretch_row&#8221; memphis_overlay=&#8221;on&#8221;][vc_column css_animation=&#8221;fadeIn&#8221; el_class=&#8221;udvcolumn&#8221; uniqid=&#8221;6408a71e195fd&#8221;][vc_empty_space height=&#8221;90px&#8221;][vc_column_text uniqid=&#8221;64089502eea56&#8243; el_class=&#8221;justify&#8221;]Visszajelzések/ajánlások: Ritával az interneten keresztül ismerkedtem meg. Gyermekemnek magatartási és viselkedési problémái voltak és az érzelmek kifejezésével is támadtak nehézségeink. Az első perctől kezdve kialakult a szimpátia közöttük és köztünk is. A fiam mindig örömmel várta Ritával való találkozást, ami sok beszélgetéssel és játékos kreatív foglakozással zajlott. [&hellip;]</p>
